
13
Suppose 2*h = -5*f + 131, -2*h - f + 171 = -4*f. Suppose -2*i - 26 = -3*i. Calculate the greatest common factor of i and h.
26
Let b(w) = -4*w. Let y be b(12). Let z be (-4)/8*y/2. Let d be -2*10*(-6)/15. What is the greatest common divisor of z and d?
4
Suppose 12 = 4*u + 2*z - 34, 3*z = 3*u - 21. Let r be 4/(16/4) + 3. Calculate the highest common divisor of r and u.
2
Let b(g) = 3*g**3 - g**2 - g + 1. Let s be b(1). Let o be 68/6*3/s. Let f = 29 - o. Calculate the highest common factor of f and 84.
12
Let j = 59 + 43. Let o = j - 63. What is the highest common factor of o and 13?
13
Let u = 17 - -9. Suppose -8*n - 10 = -u. What is the greatest common divisor of n and 5?
1
Suppose 4*i - 9*i = 5*r - 90, -5*i + 4*r = -126. What is the greatest common factor of i and 319?
11
Suppose -3*u = n - 294, -2*u = 4*n - 1146 - 60. Suppose -40 = -7*j + n. What is the highest common factor of 7 and j?
7
Suppose 2*w - 2 = w. Let m = w - -8. Let i be (-2)/(-5) - (-136)/m. What is the highest common divisor of 140 and i?
14
Suppose 3*x + 1 - 12 = m, -2*x = -5*m + 10. Suppose 87 = 2*q - 5*q - 3*r, -4*q - 92 = -m*r. Let c = q - -33. Calculate the highest common divisor of c and 21.
7
Let f be (252/2)/(279/186). What is the highest common factor of f and 140?
28
Let v be 8/(-12)*5427/(-54). Calculate the greatest common factor of 2077 and v.
67
Let m be 1 + -1 + -1 + 3. Let i(x) = 26*x - 4. Let q be i(1). Suppose -12*p - q = -13*p. Calculate the greatest common factor of m and p.
2
Suppose 18*o - 5392 = 13256. What is the highest common divisor of o and 28?
28
Suppose -6*h - 5*h + 1320 = 0. Suppose 28*g - h = 24*g. What is the highest common factor of 60 and g?
30
Suppose -38 = -2*y + 2. Calculate the greatest common divisor of 340 and y.
20
Let q = 150 + 149. What is the highest common factor of 13 and q?
13
Let c = -56 + 59. Suppose -o = c - 13. What is the greatest common factor of 30 and o?
10
Let y be 872/22 - (-32)/88 - 7. What is the highest common divisor of 341 and y?
11
Let q = -1546 + 2221. Calculate the highest common factor of q and 75.
75
Let z be (48/9)/(5/(-60)) + -3. Let u = -41 - z. What is the greatest common factor of 26 and u?
26
Suppose 0 = -3*s - 3, 4*r + 5*s - 160 = 9*s. Calculate the highest common factor of 1833 and r.
39
Let q be (-57072)/(-609) - (-4)/14. Calculate the highest common factor of 6 and q.
2
Let v(p) = -2*p**2 - 19*p - 4. Let o be (-13)/2 - 1 - (-24)/(-16). Let z be v(o). Let q be 2*2*(-5)/(-4). What is the highest common factor of z and q?
5
Suppose -6*x + 7*x = 126. Let w(z) = z**2 + 5*z - 6. Let a be w(3). Calculate the greatest common factor of a and x.
18
Let r be (20/(-6))/(3/(-27)). Suppose 3*h - 6 = h, -3*h - 6 = -5*k. Let g be (k/(-2))/(3/(-150)). Calculate the highest common divisor of r and g.
15
Suppose -x + 8 + 4 = 0. What is the highest common factor of x and 60?
12
Suppose l = -6*g + 7*g - 11, 4*l = -5*g + 19. Let j(n) = -4*n + 6. Let o be j(-6). Suppose g*x = 9*x - o. What is the greatest common divisor of x and 15?
15
Let x = 96 - 65. Let h = x + 102. What is the greatest common divisor of h and 19?
19
Suppose -2*t + x = -1195, -11*t + 5*x = -15*t + 2355. What is the highest common divisor of 68 and t?
17
Let l(p) = -p**2 + p - 34. Let x be l(0). Let r = 42 + x. Let m = 29 + -17. What is the greatest common divisor of r and m?
4
Suppose 0 = -6*d + d + 50. Suppose 29 = p - 2*g, 6*p - p - 3*g - 131 = 0. What is the highest common divisor of d and p?
5
Let w(n) = 525*n - 3115. Let i be w(6). Let x(f) = -f**3 - 5*f**2 + 4*f - 7. Let s be x(-6). Calculate the greatest common factor of s and i.
5
Suppose -12 = -2*p + x, 7*x + 8 = 5*p + 10*x. Calculate the greatest common factor of 74 and p.
2
Let q(c) = -c**3 - c**2 - 2*c + 6. Let v be (-1)/((-11)/(-2)) - 8/(-44). Let j be q(v). What is the greatest common factor of j and 78?
6
Suppose -h + 18 = 5*s + h, -3*s + 5*h - 14 = 0. Let f be (1 - s)/(-2*(-2)/(-24)). Calculate the greatest common divisor of 6 and f.
6
Let y be 2 - 22/14 - 180/(-21). What is the greatest common factor of y and 45?
9
Let q(a) = 6*a**2 + 8*a - 15. Let m be q(3). Calculate the greatest common divisor of m and 84.
21
Suppose k + 1334 = -17*b + 20*b, b = -3*k + 448. What is the highest common divisor of b and 356?
89
Let r(z) = -11*z - 93. Let u be r(-9). Calculate the greatest common divisor of 678 and u.
6
Suppose -p + 3*m + 6 = 0, 0 = -8*p + 3*p - 4*m + 30. Let v be p/10 + (-517)/(-55). Let a be (-1)/4 - (-281)/4. What is the highest common divisor of a and v?
10
Let c(f) = -3*f**2 - 3*f + 5. Let w be c(2). Let h = 7 + w. Let m be -33*h/(-9)*-5. What is the highest common divisor of m and 10?
10
Let j be (3 + -1)/((-2)/(-12)). Let s = 36 + -20. Suppose j*a + 100 = s*a. What is the greatest common divisor of a and 275?
25
Let i be (-555)/(-5) - (1 + (11 - 6)). What is the highest common divisor of 9 and i?
3
Suppose i - 209 = -4*n, 3*n - 65 = 5*i + 63. Let q = -37 + n. What is the highest common divisor of q and 154?
14
Let g = -800 - -887. Let t(c) = 2*c**2 - 11*c + 8. Let w be t(7). Calculate the highest common divisor of g and w.
29
Let w(z) = -13*z + 21. Let u be w(-3). What is the greatest common factor of 84 and u?
12
Suppose -4*q - 16 = 0, 2*h + 0*h - 4*q - 24 = 0. Let i = h - -4. Let x be (-222)/(-148) - (-2)/8*2*1. Calculate the highest common divisor of x and i.
2
Let o(v) = -v**3 - 3*v**2 - 6*v - 5. Let l be o(-2). Suppose -w - w + 4 = 0. What is the greatest common divisor of l and w?
1
Suppose -4*g = -8*g - 5*v + 1916, -2378 = -5*g - 2*v. What is the highest common factor of 6 and g?
6
Let n = -12 - -18. Suppose -4*m + 2*d = -n, -3*d + 9 = 4*m - 2*d. Suppose -3*i + 0 + 10 = q, q = m*i + 10. What is the highest common divisor of 20 and q?
10
Suppose -19*b = -11349 - 1324. Calculate the highest common divisor of 46 and b.
23
Suppose 4*n = 11*n - 392. Let r = n - 34. Calculate the greatest common divisor of 66 and r.
22
Suppose -2*s = -280 + 278. What is the greatest common factor of s and 11?
1
Let f(b) = 21*b - 3. Let m be f(2). Let x be -3*m/18*-2. Let o(k) = -k**3 - 8*k**2 - 23*k + 5. Let g be o(-7). What is the greatest common divisor of x and g?
13
Suppose 5*j + 5 = 25, -4*j = 3*h - 67. Let z(r) = 19*r**2 - r + 1. Let f be z(2). Let m = f + 10. What is the highest common factor of h and m?
17
Let a(u) be the first derivative of u**4/4 - 19*u**3/3 + 10*u**2 - 16*u - 5. Let f be a(18). Calculate the greatest common factor of f and 60.
20
Suppose -102 = -3*f + 108. What is the highest common factor of f and 175?
35
Let w = 16 - 19. Let s be w*((-8)/(-12) + -2). Let b(j) = j**2 - 3*j + 4. Let f be b(8). Calculate the greatest common divisor of f and s.
4
Suppose 0 = -5*o + 8 + 2. Let w(l) = -l**o - 6 + 6*l + 2*l**2 + 4*l**2 - 3*l - l**3. Let r be w(4). What is the greatest common factor of r and 2?
2
Suppose 0 = -4*p + 4, g = -0*g - 2*p + 286. What is the greatest common factor of 4 and g?
4
Let n = 476 + -428. What is the highest common divisor of 64 and n?
16
Let y(j) = j**2 - 44*j - 411. Let i be y(-8). What is the greatest common divisor of i and 235?
5
Let t be 15 - ((-6)/(-2) - 0). Calculate the highest common factor of t and 48.
12
Suppose -2*c + 5 = 1. Suppose -4*l - c = 10. Let g(x) = -3*x + 7. Let v be g(l). Calculate the highest common divisor of 16 and v.
16
Let q(y) = y**2 + 7*y. Let a be q(-8). Let v = -4 - a. Let x = 78 + v. Calculate the highest common divisor of 6 and x.
6
Let z be (-2)/(9/213*(-4)/18). Calculate the greatest common divisor of 284 and z.
71
Let m be 3/((-12)/(-8)) - -38. What is the highest common factor of 488 and m?
8
Let o be ((-1170)/(-2))/3*9/27. What is the highest common factor of o and 39?
13
Let z be 24*8/(-12)*(-120)/16. What is the highest common factor of z and 105?
15
Let g be 56*(4/(-9) - 1888/(-1008)). Calculate the highest common factor of g and 30.
10
Let s = -214 - -513. What is the highest common divisor of s and 138?
23
Let w(x) = -x**3 + 11*x**2 - x - 9. Let z be w(-3). What is the highest common divisor of z and 72?
24
Let m(i) = 108*i + 22. Let h be m(2). Suppose 11*r = 389 + h. What is the greatest common divisor of r and 38?
19
Suppose 5*k - 159 = -4*t, -t = -5*k - 29 + 8. Suppose 30*m - 936 = 4*m. What is the 